{"id":40,"date":"2023-10-28T20:30:49","date_gmt":"2023-10-28T18:30:49","guid":{"rendered":"http:\/\/serwer174332.lh.pl\/autoinstalator\/serwer174332.lh.pl\/wordpress39728\/?page_id=40"},"modified":"2023-10-29T17:09:16","modified_gmt":"2023-10-29T16:09:16","slug":"szkolenia","status":"publish","type":"page","link":"https:\/\/ramante.pl\/index.php\/szkolenia\/","title":{"rendered":"Szkolenia"},"content":{"rendered":"\n<h2 class=\"wp-block-heading\">Kogo szkol\u0119?<\/h2>\n\n\n\n<div class=\"wp-block-columns is-layout-flex wp-container-core-columns-is-layout-28f84493 wp-block-columns-is-layout-flex\">\n<div class=\"wp-block-column is-layout-flow wp-block-column-is-layout-flow\">\n<figure class=\"wp-block-image size-full\"><img fetchpriority=\"high\" decoding=\"async\" width=\"940\" height=\"788\" src=\"http:\/\/serwer174332.lh.pl\/autoinstalator\/serwer174332.lh.pl\/wordpress39728\/wp-content\/uploads\/2023\/10\/Michal-Miodonski-mowca-motywacyjny.jpg\" alt=\"\" class=\"wp-image-113\" srcset=\"https:\/\/ramante.pl\/wp-content\/uploads\/2023\/10\/Michal-Miodonski-mowca-motywacyjny.jpg 940w, https:\/\/ramante.pl\/wp-content\/uploads\/2023\/10\/Michal-Miodonski-mowca-motywacyjny-300x251.jpg 300w, https:\/\/ramante.pl\/wp-content\/uploads\/2023\/10\/Michal-Miodonski-mowca-motywacyjny-768x644.jpg 768w, https:\/\/ramante.pl\/wp-content\/uploads\/2023\/10\/Michal-Miodonski-mowca-motywacyjny-600x503.jpg 600w\" sizes=\"(max-width: 940px) 100vw, 940px\" \/><\/figure>\n<\/div>\n\n\n\n<div class=\"wp-block-column is-layout-flow wp-block-column-is-layout-flow\">\n<p>Zaczn\u0119 od tego, w jakiej formie mog\u0105 odbywa\u0107 si\u0119 szkolenia. Ot\u00f3\u017c oferuj\u0119:<\/p>\n\n\n\n<ul class=\"wp-block-list\">\n<li>szkolenia grupowe dla firm i organizacji<\/li>\n\n\n\n<li>szkolenia dla grup prywatnych<\/li>\n\n\n\n<li>szkolenia dla firm typu MLM<\/li>\n\n\n\n<li>szkolenia indywidualne<\/li>\n<\/ul>\n\n\n\n<p>Je\u015bli chodzi o form\u0119 takiego szkolenia, to mog\u0105 si\u0119 one odbywa\u0107 online oraz na \u017cywo.<br>Bezpo\u015brednimi odbiorcami s\u0105 najcz\u0119\u015bciej:<\/p>\n\n\n\n<ul class=\"wp-block-list\">\n<li>przedsi\u0119biorcy i w\u0142a\u015bciciele firm<\/li>\n\n\n\n<li>leaderzy i menad\u017cerowie<\/li>\n\n\n\n<li>pracownicy w dzia\u0142ach obs\u0142ugi klient\u00f3w<\/li>\n\n\n\n<li>sprzedawcy<\/li>\n\n\n\n<li>dyrektorzy szk\u00f3\u0142<\/li>\n\n\n\n<li>stowarzyszenia i organizacje prywatne<\/li>\n<\/ul>\n\n\n\n<p>Skontaktuj si\u0119, \u017ceby ustali\u0107 szczeg\u00f3\u0142y dostosowane do twoich potrzeb.<\/p>\n\n\n\n<h5 class=\"wp-block-heading\">Zapraszam r\u00f3wnie\u017c na moje autorskie warsztaty i szkolenia!<\/h5>\n<\/div>\n<\/div>\n\n\n\n<h2 class=\"wp-block-heading\">Tematyka szkole\u0144<\/h2>\n\n\n\n<div class=\"wp-block-columns is-layout-flex wp-container-core-columns-is-layout-28f84493 wp-block-columns-is-layout-flex\">\n<div class=\"wp-block-column is-layout-flow wp-block-column-is-layout-flow\" style=\"flex-basis:66.66%\">\n<p>Jako trener z ponad dziesi\u0119cioletnim do\u015bwiadczeniem zawodowym, mam w moim portfolio praktycznie ka\u017cdy temat zwi\u0105zany z rozwojem osobistym i zawodowym.<\/p>\n\n\n\n<p>Ustalenie tematu szkole\u0144 jest bardzo wa\u017cnym i odkrywczym procesem. Cz\u0119sto zdarza si\u0119, \u017ce klienci zg\u0142aszaj\u0105 konkretne zapotrzebowanie, a w trakcie omawiania szczeg\u00f3\u0142\u00f3w i zapoznania si\u0119 z ich sytuacj\u0105 i bie\u017c\u0105cymi potrzebami, zmieniamy plan szkolenia.<\/p>\n\n\n\n<p>Kilka razy zdarzy\u0142 si\u0119 r\u00f3wnie\u017c zmieni\u0107 kontekst szkolenia w trakcie jego trwania. Na szcz\u0119\u015bcie wieloletnie do\u015bwiadczenie i zr\u00f3\u017cnicowana wiedza, pozwoli\u0142a mi stan\u0105\u0107 na wysoko\u015bci zadania i zaspokoi\u0107 edukacyjne potrzeby klient\u00f3w.<\/p>\n\n\n\n<h2 class=\"wp-block-heading\">Dla zainteresowanych<\/h2>\n\n\n\n<p>Po pierwsze, zadaj sobie pytanie, co ma si\u0119 zmieni\u0107 w Twoim \u017cyciu po zako\u0144czeniu szkolenia? Jakie nowe kompetencje chcesz zdoby\u0107 i w jakim celu chcesz je wykorzysta\u0107?<\/p>\n<\/div>\n\n\n\n<div class=\"wp-block-column is-layout-flow wp-block-column-is-layout-flow\" style=\"flex-basis:33.33%\">\n<figure class=\"wp-block-image size-large\"><img decoding=\"async\" width=\"1024\" height=\"1024\" src=\"http:\/\/serwer174332.lh.pl\/autoinstalator\/serwer174332.lh.pl\/wordpress39728\/wp-content\/uploads\/2023\/10\/mindfulness-overwhelming-stress-1024x1024.jpg\" alt=\"\" class=\"wp-image-114\" srcset=\"https:\/\/ramante.pl\/wp-content\/uploads\/2023\/10\/mindfulness-overwhelming-stress-1024x1024.jpg 1024w, https:\/\/ramante.pl\/wp-content\/uploads\/2023\/10\/mindfulness-overwhelming-stress-300x300.jpg 300w, https:\/\/ramante.pl\/wp-content\/uploads\/2023\/10\/mindfulness-overwhelming-stress-150x150.jpg 150w, https:\/\/ramante.pl\/wp-content\/uploads\/2023\/10\/mindfulness-overwhelming-stress-768x768.jpg 768w, https:\/\/ramante.pl\/wp-content\/uploads\/2023\/10\/mindfulness-overwhelming-stress-600x600.jpg 600w, https:\/\/ramante.pl\/wp-content\/uploads\/2023\/10\/mindfulness-overwhelming-stress-100x100.jpg 100w, https:\/\/ramante.pl\/wp-content\/uploads\/2023\/10\/mindfulness-overwhelming-stress.jpg 1080w\" sizes=\"(max-width: 1024px) 100vw, 1024px\" \/><\/figure>\n<\/div>\n<\/div>\n\n\n\n<p>Znaj\u0105c odpowiedzi na powy\u017csze pytania zaplanuj wst\u0119pnie czas, cz\u0119stotliwo\u015b\u0107 i intensywno\u015b\u0107 szkole\u0144. Zastan\u00f3w si\u0119, na ile szkolenie powinno by\u0107 w Twoim odczuciu praktyczne, a na ile teoretyczne.<\/p>\n\n\n\n<p>Jak ju\u017c b\u0119dziesz to wiedzia\u0142, skontaktuj si\u0119 ze mn\u0105, \u017ceby om\u00f3wi\u0107 szczeg\u00f3\u0142y.<\/p>\n\n\n\n<p>Szkolenia to bardzo dobra inwestycja. Decyduj\u0105c si\u0119 na ni\u0105, powiniene\u015b wiedzie\u0107, jaki chcesz osi\u0105gn\u0105\u0107 efekt, bez wzgl\u0119du na to, czy chodzi o Ciebie, czy Twoich pracownik\u00f3w lub wsp\u00f3\u0142pracownik\u00f3w.<\/p>\n\n\n\n<figure class=\"wp-block-image aligncenter size-full\"><img decoding=\"async\" width=\"900\" height=\"300\" src=\"http:\/\/serwer174332.lh.pl\/autoinstalator\/serwer174332.lh.pl\/wordpress39728\/wp-content\/uploads\/2023\/10\/Coaching-w-pelni-z-Michalem-oferta-szkoleniowa.jpg\" alt=\"\" class=\"wp-image-115\" srcset=\"https:\/\/ramante.pl\/wp-content\/uploads\/2023\/10\/Coaching-w-pelni-z-Michalem-oferta-szkoleniowa.jpg 900w, https:\/\/ramante.pl\/wp-content\/uploads\/2023\/10\/Coaching-w-pelni-z-Michalem-oferta-szkoleniowa-300x100.jpg 300w, https:\/\/ramante.pl\/wp-content\/uploads\/2023\/10\/Coaching-w-pelni-z-Michalem-oferta-szkoleniowa-768x256.jpg 768w, https:\/\/ramante.pl\/wp-content\/uploads\/2023\/10\/Coaching-w-pelni-z-Michalem-oferta-szkoleniowa-600x200.jpg 600w\" sizes=\"(max-width: 900px) 100vw, 900px\" \/><\/figure>\n","protected":false},"excerpt":{"rendered":"<p>Kogo szkol\u0119? Zaczn\u0119 od tego, w jakiej formie mog\u0105 odbywa\u0107 si\u0119 szkolenia. Ot\u00f3\u017c oferuj\u0119: Je\u015bli chodzi o form\u0119 takiego szkolenia, to mog\u0105 si\u0119 one odbywa\u0107 online oraz na \u017cywo.Bezpo\u015brednimi odbiorcami s\u0105 najcz\u0119\u015bciej: Skontaktuj si\u0119, \u017ceby ustali\u0107 szczeg\u00f3\u0142y dostosowane do twoich potrzeb. Zapraszam r\u00f3wnie\u017c na moje autorskie warsztaty i szkolenia! Tematyka szkole\u0144 Jako trener z ponad [&hellip;]<\/p>\n","protected":false},"author":1,"featured_media":0,"parent":0,"menu_order":0,"comment_status":"closed","ping_status":"closed","template":"","meta":{"footnotes":""},"class_list":["post-40","page","type-page","status-publish","hentry"],"blocksy_meta":[],"_links":{"self":[{"href":"https:\/\/ramante.pl\/index.php\/wp-json\/wp\/v2\/pages\/40","targetHints":{"allow":["GET"]}}],"collection":[{"href":"https:\/\/ramante.pl\/index.php\/wp-json\/wp\/v2\/pages"}],"about":[{"href":"https:\/\/ramante.pl\/index.php\/wp-json\/wp\/v2\/types\/page"}],"author":[{"embeddable":true,"href":"https:\/\/ramante.pl\/index.php\/wp-json\/wp\/v2\/users\/1"}],"replies":[{"embeddable":true,"href":"https:\/\/ramante.pl\/index.php\/wp-json\/wp\/v2\/comments?post=40"}],"version-history":[{"count":2,"href":"https:\/\/ramante.pl\/index.php\/wp-json\/wp\/v2\/pages\/40\/revisions"}],"predecessor-version":[{"id":116,"href":"https:\/\/ramante.pl\/index.php\/wp-json\/wp\/v2\/pages\/40\/revisions\/116"}],"wp:attachment":[{"href":"https:\/\/ramante.pl\/index.php\/wp-json\/wp\/v2\/media?parent=40"}],"curies":[{"name":"wp","href":"https:\/\/api.w.org\/{rel}","templated":true}]}}