{"id":30,"date":"2023-10-28T20:26:41","date_gmt":"2023-10-28T18:26:41","guid":{"rendered":"http:\/\/serwer174332.lh.pl\/autoinstalator\/serwer174332.lh.pl\/wordpress39728\/?page_id=30"},"modified":"2023-10-29T10:39:09","modified_gmt":"2023-10-29T09:39:09","slug":"mentoring","status":"publish","type":"page","link":"https:\/\/ramante.pl\/index.php\/mentoring\/","title":{"rendered":"Mentoring"},"content":{"rendered":"\n<h1 class=\"wp-block-heading\">Kim jest mentor?<\/h1>\n\n\n\n<div class=\"wp-block-columns is-layout-flex wp-container-core-columns-is-layout-28f84493 wp-block-columns-is-layout-flex\">\n<div class=\"wp-block-column is-layout-flow wp-block-column-is-layout-flow\">\n<p>Mentor to osoba, kt\u00f3ra korzystaj\u0105c ze swojego praktycznego do\u015bwiadczenia, przekazuje mniej do\u015bwiadczonemu adeptowi w danej dziedzinie praktyczne wskaz\u00f3wki umo\u017cliwiaj\u0105ce szybsze zdobycie praktycznego do\u015bwiadczenie.<\/p>\n\n\n\n<p>Najprostszym przyk\u0142adem pracy mentora jest praca rodzica, kt\u00f3ry na bazie w\u0142asnych do\u015bwiadcze\u0144 prowadzi przez \u017cycie swoje dziecko. Dla dziecka wszystko jest nowe, a rodzic-mentor wprowadza je we wszystkie nowe obszary \u017cycia.<\/p>\n\n\n\n<p>Tak w\u0142a\u015bnie, g\u0142\u00f3wnym zadaniem mentora jest wprowadzenie swojego ucznia na nowe terytorium tak, aby jak najszybciej zapozna\u0142 si\u0119 on ze wszystkimi tajnikami jego funkcjonowania. U\u0142atwia to aklimatyzacj\u0119 w nowym \u015brodowisku oraz efektywniejsze zastosowanie wiedzy teoretycznej, kt\u00f3r\u0105 \u201cmentee\u201d ju\u017c posiada.<\/p>\n\n\n\n<p>Wsp\u00f3\u0142cze\u015bnie s\u0142owo mentor zwi\u0105zane jest g\u0142\u00f3wnie z rozwojem zawodowym, a mentoring jest popularn\u0105 form\u0105 wprowadzania pracownik\u00f3w na nowe stanowiska w korporacjach.<\/p>\n\n\n\n<p>Z pomocy mentora korzystaj\u0105 r\u00f3wnie\u017c m\u0142odzi przedsi\u0119biorcy i to w\u0142a\u015bnie z nimi najcz\u0119\u015bciej mam przyjemno\u015b\u0107 pracowa\u0107.<\/p>\n\n\n\n<p>Wiedz\u0105c kim jest mentor odpowiedz sobie teraz na wa\u017cne pytanie: <br>Dla kogo Ty jeste\u015b mentorem!?<\/p>\n<\/div>\n\n\n\n<div class=\"wp-block-column is-layout-flow wp-block-column-is-layout-flow\">\n<figure class=\"wp-block-image size-large\"><img fetchpriority=\"high\" decoding=\"async\" width=\"1024\" height=\"1024\" src=\"http:\/\/serwer174332.lh.pl\/autoinstalator\/serwer174332.lh.pl\/wordpress39728\/wp-content\/uploads\/2023\/10\/Coaching-w-pelni-z-Michalem-Kim-jest-mentor-1024x1024.jpg\" alt=\"\" class=\"wp-image-90\" srcset=\"https:\/\/ramante.pl\/wp-content\/uploads\/2023\/10\/Coaching-w-pelni-z-Michalem-Kim-jest-mentor-1024x1024.jpg 1024w, https:\/\/ramante.pl\/wp-content\/uploads\/2023\/10\/Coaching-w-pelni-z-Michalem-Kim-jest-mentor-300x300.jpg 300w, https:\/\/ramante.pl\/wp-content\/uploads\/2023\/10\/Coaching-w-pelni-z-Michalem-Kim-jest-mentor-150x150.jpg 150w, https:\/\/ramante.pl\/wp-content\/uploads\/2023\/10\/Coaching-w-pelni-z-Michalem-Kim-jest-mentor-768x768.jpg 768w, https:\/\/ramante.pl\/wp-content\/uploads\/2023\/10\/Coaching-w-pelni-z-Michalem-Kim-jest-mentor-600x600.jpg 600w, https:\/\/ramante.pl\/wp-content\/uploads\/2023\/10\/Coaching-w-pelni-z-Michalem-Kim-jest-mentor-100x100.jpg 100w, https:\/\/ramante.pl\/wp-content\/uploads\/2023\/10\/Coaching-w-pelni-z-Michalem-Kim-jest-mentor.jpg 1080w\" sizes=\"(max-width: 1024px) 100vw, 1024px\" \/><\/figure>\n<\/div>\n<\/div>\n\n\n\n<h2 class=\"wp-block-heading\">Mentor czy coach, kogo wybra\u0107?<\/h2>\n\n\n\n<div class=\"wp-block-columns is-layout-flex wp-container-core-columns-is-layout-28f84493 wp-block-columns-is-layout-flex\">\n<div class=\"wp-block-column is-layout-flow wp-block-column-is-layout-flow\" style=\"flex-basis:33.33%\">\n<figure class=\"wp-block-image size-full\"><img decoding=\"async\" width=\"600\" height=\"1000\" src=\"http:\/\/serwer174332.lh.pl\/autoinstalator\/serwer174332.lh.pl\/wordpress39728\/wp-content\/uploads\/2023\/10\/Coaching-w-pelni-z-Michalem-Mentor-biznesowy.jpg\" alt=\"\" class=\"wp-image-91\" srcset=\"https:\/\/ramante.pl\/wp-content\/uploads\/2023\/10\/Coaching-w-pelni-z-Michalem-Mentor-biznesowy.jpg 600w, https:\/\/ramante.pl\/wp-content\/uploads\/2023\/10\/Coaching-w-pelni-z-Michalem-Mentor-biznesowy-180x300.jpg 180w\" sizes=\"(max-width: 600px) 100vw, 600px\" \/><\/figure>\n<\/div>\n\n\n\n<div class=\"wp-block-column is-layout-flow wp-block-column-is-layout-flow\" style=\"flex-basis:66.66%\">\n<p>Co prawda poj\u0119cia mentoringu i coachingu s\u0105 cz\u0119sto stosowane zamiennie, jednak r\u00f3\u017cnica pomi\u0119dzy nimi jest istotna. W coachingu, to w\u0142a\u015bnie klient wyznacza cele do kt\u00f3rych chce d\u0105\u017cy\u0107, a coach prowadzi go i wspiera w realizacji odpowiedniej strategii. W mentoringu natomiast, to mentor wie, jakie do\u015bwiadczenia s\u0105 potrzebne by osi\u0105gn\u0105\u0107 zamierzony cel biznesowy.<\/p>\n\n\n\n<p>Mentoring w czystym biznesowym wydaniu jest najcz\u0119\u015bciej stosowany w korporacjach, i wsz\u0119dzie tam, gdzie w stosunkach zawodowych jest silnie ustabilizowany system hierarchiczny.<\/p>\n\n\n\n<p>W przypadku wsp\u00f3\u0142pracy indywidualnej, cz\u0119\u015bciej korzystamy z technik coachingowych, lub \u0142\u0105czymy kompetencje coacha i mentora w taki spos\u00f3b, by uzyska\u0107 jak najlepsze efekty.<\/p>\n\n\n\n<h2 class=\"wp-block-heading\">Mentoring biznesowy<\/h2>\n\n\n\n<p>Z mentoringiem biznesowym mam do czynienia, gdy m\u0142ody przedsi\u0119biorca zak\u0142adaj\u0105c sp\u00f3\u0142k\u0119 chce jak najszybciej pozna\u0107 techniki dzia\u0142ania w danej bran\u017cy oraz zasady dzia\u0142ania rynku.<\/p>\n\n\n\n<p>Z moim do\u015bwiadczeniem zawodowym najcz\u0119\u015bciej pracuj\u0119 jako mentor z osobami z bran\u017cy: konsultingowej, szkoleniowej, zarz\u0105dzania, zdrowia, sportu i rekreacji.<\/p>\n\n\n\n<p>Du\u017ce organizacje najcz\u0119\u015bciej umo\u017cliwiaj\u0105 do\u015bwiadczonym pracownikom wprowadzenie swoich m\u0142odszych do\u015bwiadczeniem koleg\u00f3w w tajniki dzia\u0142ania przedsi\u0119biorstwa.<\/p>\n<\/div>\n<\/div>\n\n\n\n<h2 class=\"wp-block-heading\">Efekty mentoringu!<\/h2>\n\n\n\n<div class=\"wp-block-columns is-layout-flex wp-container-core-columns-is-layout-28f84493 wp-block-columns-is-layout-flex\">\n<div class=\"wp-block-column is-layout-flow wp-block-column-is-layout-flow\" style=\"flex-basis:25%\">\n<figure class=\"wp-block-image size-full\"><img decoding=\"async\" width=\"512\" height=\"512\" src=\"http:\/\/serwer174332.lh.pl\/autoinstalator\/serwer174332.lh.pl\/wordpress39728\/wp-content\/uploads\/2023\/10\/Coaching-w-pelni-z-Michalem-efekty-mentoringu.jpg\" alt=\"\" class=\"wp-image-94\" srcset=\"https:\/\/ramante.pl\/wp-content\/uploads\/2023\/10\/Coaching-w-pelni-z-Michalem-efekty-mentoringu.jpg 512w, https:\/\/ramante.pl\/wp-content\/uploads\/2023\/10\/Coaching-w-pelni-z-Michalem-efekty-mentoringu-300x300.jpg 300w, https:\/\/ramante.pl\/wp-content\/uploads\/2023\/10\/Coaching-w-pelni-z-Michalem-efekty-mentoringu-150x150.jpg 150w, https:\/\/ramante.pl\/wp-content\/uploads\/2023\/10\/Coaching-w-pelni-z-Michalem-efekty-mentoringu-100x100.jpg 100w\" sizes=\"(max-width: 512px) 100vw, 512px\" \/><\/figure>\n<\/div>\n\n\n\n<div class=\"wp-block-column is-layout-flow wp-block-column-is-layout-flow\" style=\"flex-basis:50%\">\n<p>Podsumowuj\u0105c powy\u017csze wpisy mo\u017cna powiedzie\u0107, \u017ce celem wsp\u00f3\u0142czesnego mentoringu biznesowego s\u0105:<\/p>\n\n\n\n<ul class=\"wp-block-list\">\n<li>polepszenie stosunk\u00f3w interpersonalnych w firmie lub organizacji,<\/li>\n\n\n\n<li>ukierunkowanie na wsp\u00f3\u0142prac\u0119 w zespole,<\/li>\n\n\n\n<li>zwi\u0119kszenie efektywno\u015bci pracy,<\/li>\n\n\n\n<li>zapoznanie si\u0119 z filozofi\u0105 firmy, organizacji lub bran\u017cy,<\/li>\n\n\n\n<li>wsparcie podopiecznego w ustabilizowaniu si\u0119 na nowej pozycji.<\/li>\n<\/ul>\n<\/div>\n\n\n\n<div class=\"wp-block-column is-layout-flow wp-block-column-is-layout-flow\" style=\"flex-basis:25%\">\n<figure class=\"wp-block-image size-full\"><img loading=\"lazy\" decoding=\"async\" width=\"512\" height=\"512\" src=\"http:\/\/serwer174332.lh.pl\/autoinstalator\/serwer174332.lh.pl\/wordpress39728\/wp-content\/uploads\/2023\/10\/Ramante-Coaching-w-pelni-z-Michalem-Logo-512x512-1.jpg\" alt=\"\" class=\"wp-image-53\" srcset=\"https:\/\/ramante.pl\/wp-content\/uploads\/2023\/10\/Ramante-Coaching-w-pelni-z-Michalem-Logo-512x512-1.jpg 512w, https:\/\/ramante.pl\/wp-content\/uploads\/2023\/10\/Ramante-Coaching-w-pelni-z-Michalem-Logo-512x512-1-300x300.jpg 300w, https:\/\/ramante.pl\/wp-content\/uploads\/2023\/10\/Ramante-Coaching-w-pelni-z-Michalem-Logo-512x512-1-150x150.jpg 150w\" sizes=\"(max-width: 512px) 100vw, 512px\" \/><\/figure>\n<\/div>\n<\/div>\n","protected":false},"excerpt":{"rendered":"<p>Kim jest mentor? Mentor to osoba, kt\u00f3ra korzystaj\u0105c ze swojego praktycznego do\u015bwiadczenia, przekazuje mniej do\u015bwiadczonemu adeptowi w danej dziedzinie praktyczne wskaz\u00f3wki umo\u017cliwiaj\u0105ce szybsze zdobycie praktycznego do\u015bwiadczenie. Najprostszym przyk\u0142adem pracy mentora jest praca rodzica, kt\u00f3ry na bazie w\u0142asnych do\u015bwiadcze\u0144 prowadzi przez \u017cycie swoje dziecko. Dla dziecka wszystko jest nowe, a rodzic-mentor wprowadza je we wszystkie nowe [&hellip;]<\/p>\n","protected":false},"author":1,"featured_media":0,"parent":0,"menu_order":0,"comment_status":"closed","ping_status":"closed","template":"","meta":{"footnotes":""},"class_list":["post-30","page","type-page","status-publish","hentry"],"blocksy_meta":[],"_links":{"self":[{"href":"https:\/\/ramante.pl\/index.php\/wp-json\/wp\/v2\/pages\/30","targetHints":{"allow":["GET"]}}],"collection":[{"href":"https:\/\/ramante.pl\/index.php\/wp-json\/wp\/v2\/pages"}],"about":[{"href":"https:\/\/ramante.pl\/index.php\/wp-json\/wp\/v2\/types\/page"}],"author":[{"embeddable":true,"href":"https:\/\/ramante.pl\/index.php\/wp-json\/wp\/v2\/users\/1"}],"replies":[{"embeddable":true,"href":"https:\/\/ramante.pl\/index.php\/wp-json\/wp\/v2\/comments?post=30"}],"version-history":[{"count":3,"href":"https:\/\/ramante.pl\/index.php\/wp-json\/wp\/v2\/pages\/30\/revisions"}],"predecessor-version":[{"id":95,"href":"https:\/\/ramante.pl\/index.php\/wp-json\/wp\/v2\/pages\/30\/revisions\/95"}],"wp:attachment":[{"href":"https:\/\/ramante.pl\/index.php\/wp-json\/wp\/v2\/media?parent=30"}],"curies":[{"name":"wp","href":"https:\/\/api.w.org\/{rel}","templated":true}]}}